the third derivative of -5*w**4/24 + w**3/2 - w**2. Let y = 46 - 44. Determine j(y).
-7
Suppose 4*r + 6 = 6. Let b(i) be the first derivative of 2 + r*i + 1/4*i**4 + 2/3*i**3 - 1/2*i**2. Determine b(-3).
-6
Let b(a) = a**2 - 2*a - 1. Suppose 0 = 3*f - 2*f + 42. Let w be 4/((-46)/f - 1). Let k be (-32)/14 - (-12)/w. Determine b(k).
7
Let s(n) = 8*n**2 + 17*n + 5. Let h(d) = d - 2*d**2 + 4*d**2 + 3*d + 1. Let f(w) = -9*h(w) + 2*s(w). Calculate f(1).
-3
Suppose 0*b + 5*b + 5 = -3*v, -2*b = -3*v + 2. Let q(y) be the first derivative of 1/2*y**2 - 2 + 3*y. Give q(v).
3
Let a(v) = 55*v**2 - 56*v**2 + 2 + 7*v - 7. Determine a(4).
7
Let b(h) = h**3 + 6*h**2 - h - 1. Let v be b(-6). Suppose 0 = -0*o - v*o - 20. Let j(m) = -2*m**2 - m**3 - 6 - m**2 + 3 + 4 + 5*m. Determine j(o).
-3
Let r(f) = -f - 4. Let j = -17 + 11. Determine r(j).
2
Let p(d) = -d**2 + d - 1. Let t be (-1 + 5)*2/8. What is p(t)?
-1
Let m(t) be the third derivative of -t**7/1260 - t**6/144 + t**5/60 - t**4/8 + t**2. Let p(a) be the second derivative of m(a). Determine p(-4).
-10
Let j(i) = 3*i - 68. Let p be j(24). Let w(z) = z**2 - 6*z + 5. What is w(p)?
-3
Let k(t) = -3*t**3 + 4*t**3 - 3*t**3 + t + 5*t**3. Let s be k(-1). Let m(b) be the second derivative of -b**3/3 + b**2/2 - b. What is m(s)?
9
Let c(f) be the second derivative of -f + 0 - 2*f**2 + f**3 - 1/12*f**4. What is c(5)?
1
Let q(s) = 5*s - 3. Let d(p) = 5*p - 4. Let o(a) = 5*d(a) - 6*q(a). Let i(r) = -2*r**2. Suppose w = 3*w - 5*y + 3, -y = 4*w - 5. Let u be i(w). Calculate o(u).
8
Suppose -5*w + 2*u + 53 = 0, -u + 46 = 4*w + u. Suppose -5*d + 4 = -w. Let c(v) = -1 + d*v**2 - v - 3*v**2 + 2 + 3*v**2. What is c(1)?
3
Let r(i) = -3*i**2 + 2. Let o be r(2). Let z be ((-8)/o)/((-2)/(-5)). Let h(x) = -z*x + 5*x - 4*x. Give h(-1).
1
Let y be (2 + 8/(-3))*(0 + -3). Let h(s) = -7*s + 1. Give h(y).
-13
Let b(r) = r**3 - 3*r**2 + r + 2. Let x be b(3). Let p(a) = -a - 4. Calculate p(x).
-9
Let r be (-1 - 1) + (-26)/(-1). Suppose 4 = -5*i + r. Suppose -i*z + 3*z = 0, 2*x + 5*z = 6. Let o(f) = -f**2 + 3*f + 4. Give o(x).
4
Let u(l) = -l**2 + 2*l + 3. Let d(t) = 2*t**2 - 2*t - 4. Let h(c) = 4*d(c) + 6*u(c). Give h(-2).
2
Let l(n) = -1 - 3 - 4*n + 3*n. Suppose -11 + 3 = 2*m. Give l(m).
0
Let a(x) = x - 3. Suppose z - 3*b = -4, 5*z + 25 = 2*z - 4*b. What is a(z)?
-10
Let w(n) = 3*n - 3*n**2 - 2 + 3*n**2 + n**2. Let r = -1 + 3. Suppose 3*x + 2 = 6*t - 2*t, 0 = x - r*t. What is w(x)?
-4
Let f(t) = -2*t**3 - 6*t**2 + 10*t + 5. Let w(n) = -n**3 - 3*n**2 + 5*n + 2. Let o(m) = 2*f(m) - 5*w(m). Calculate o(-4).
4
Let k(y) be the first derivative of -y**3/3 - y**2/2 - y - 25. Give k(-3).
-7
Let y(g) be the third derivative of -1/120*g**6 + 0*g - g**2 + 1/10*g**5 - 1/12*g**4 + 0 - 7/6*g**3. Let v(i) = i**3 + 3*i**2 + 1. Let p be v(-2). Give y(p).
8
Let q(c) = -9*c + 1. Let t be (-4)/(-18) + 110/(-90). Give q(t).
10
Let l(i) be the first derivative of i**2/2 + 10*i + 3. Give l(-7).
3
Let v(i) = -i**3 + 6*i**2 - 4*i - 1. Suppose -y + q = -7, -4*y + 9 + 1 = 5*q. Give v(y).
4
Let a be 1/5 + (-72)/(-15). Let o(f) = a*f - 13 - 2*f + f**2 - 3*f. Determine o(0).
-13
Suppose -4 = -2*l + 3*b, -l + 10 = 4*l + 2*b. Let p(r) = r**l - 6*r**2 + 1 + 0. Determine p(1).
-4
Let b = -6 - -2. Let x(i) = 0*i**3 - 3 - 5*i**2 - i**3 - 6 + 3 - 6*i. Give x(b).
2
Suppose 0 = 8*l - 3*l + 10. Let b(a) = 5*a + 20. Suppose w + 5 + 1 = 0. Let v(p) = -2*p - 7. Let h(m) = w*b(m) - 17*v(m). Give h(l).
-9
Let s(q) = -q**2 + q + 2. Let b be s(0). Let y(p) be the second derivative of p**5/10 - p**4/6 + 2*p**3/3 - p**2 + 3*p - 2. Determine y(b).
14
Let l(u) = u**3 - 6*u**2 + 6*u - 4. Let i be l(5). Let d(a) = -2*a + 6. Let m(w) = 1. Let g(c) = i*d(c) - 4*m(c). What is g(5)?
-8
Let r be -1*(-3)/((-3)/(-3)). Let o(t) = 4*t - 4. Calculate o(r).
8
Let j(b) = b - 1. Let m(r) = 2*r**2 + r. Let t be m(1). Suppose -5*x = -2*w - 20, x = -0*w - w - t. Determine j(x).
1
Let a be 0 - (1*4)/(-2). Let m be (24/(-45)*-6)/(2/5). Let b(z) = -z**a - m + 8 + z. What is b(-3)?
-12
Let d(x) be the third derivative of -x**6/120 + 2*x**5/15 - x**4/3 + 4*x**3/3 + x**2. Let q be d(7). Let u(s) = 6*s - 1. Give u(q).
5
Let y be (-2 - 1/(-1)) + 1. Let d(w) = 0 + 0 + y - 8*w. Calculate d(1).
-8
Let a(d) = 7*d**3 - 2*d**2 + 5*d + 10. Let c(n) = 15*n**3 - 5*n**2 + 10*n + 21. Let w(l) = 13*a(l) - 6*c(l). What is w(-3)?
-2
Let b = 2 + 0. Suppose 9 = 5*j - 1. Let l(c) = -4 + c**2 + 6*c - 13*c - b*c**j. Calculate l(-3).
8
Let d(l) = 7*l - 9. Let w(m) = 3*m - 4. Suppose 1 - 37 = -4*n. Let a(h) = n*w(h) - 4*d(h). Determine a(2).
-2
Let u(i) = 2*i + 359*i**2 - 358*i**2 + 7*i. Determine u(-9).
0
Suppose 5*d + 3 - 8 = 0. Let i(g) = d - 1 - 2*g. Suppose -8 = 2*s - 2. What is i(s)?
6
Let v(p) be the first derivative of 3*p**2/2 - p + 8. Give v(-2).
-7
Suppose -i + 6*i = -120. Let h be i/20*(-10)/3. Suppose -8 = 4*c + h. Let b(z) = z**3 + 3*z**2 - z + 4. What is b(c)?
7
Let g(f) = f**3 - 3*f**2 - 5*f + 2. Suppose -2*x = 2*v, 0 = -x + 3*x + 8. Give g(v).
-2
Let h(k) = k**3 + 5*k**2 - 8*k - 8. Let z = 6 + -2. Suppose -3*t - 25 + 5 = b, b - 22 = z*t. What is h(t)?
4
Let r be 5 + -2 - (0 - 1). Let i(j) = j**2 - 5*j - 3. Calculate i(r).
-7
Let t(a) = a**2 - 4*a + 1. Let n be t(3). Let o(p) = -4*p**2 - 7*p - 3. Let u(f) = f**2 + f. Let q(k) = o(k) + 5*u(k). Give q(n).
5
Let a(h) = 2*h - 11*h - 3*h**2 - 2*h**2 + 6*h**2 + 12. Let y be a(8). Let n(j) = -j**3 + 5*j**2 - 3*j + 2. Give n(y).
6
Let z(c) = -c + 1. Let q(u) = -u**2 + 8*u - 6. Let m be q(8). Let s(t) = -3*t**2 + 4*t - 5. Let l(n) = m*z(n) - s(n). Give l(1).
4
Let c(h) be the third derivative of h**6/10 + h**5/60 - h**4/24 + h**3/6 - 12*h**2. Let k = 6 - 5. What is c(k)?
13
Let g(l) = l - 9. Let c(w) = w + w - w**3 - 2*w**2 - 3 + 3*w**3 - w**3. Let x be c(2). Let m = x + 4. Determine g(m).
-4
Let y(j) = -j**2 + 5*j - 6. Suppose 6*w - 8*w = -10. Give y(w).
-6
Let m(i) = i + 11. Let d(x) = 3*x - 21. Let h be d(7). Calculate m(h).
11
Let y(l) = 5*l + 7 - 5*l - l**2 + l. Let q(t) = -t**2 + 12*t + 6. Let a be q(12). Let n = 6 - a. What is y(n)?
7
Suppose 9*h = 4*h - 30. Let z(j) = -j**2 - 6*j + 4. Give z(h).
4
Suppose 0 = -15*p + 27 + 3. Let w = 0 + 3. Let d(k) = -2*k**2 - 3*k**2 + 3*k + k**2 + k**w - 2. Calculate d(p).
-4
Suppose -6*o + 7*o = -11*o. Let x(f) be the first derivative of -f**2/2 + 14*f + 1. What is x(o)?
14
Let n(s) = -s**2 + 11*s - 13. Suppose 5*r - k - 60 = -3*k, 0 = -3*k + 15. Give n(r).
-3
Let s = 17 + -11. Let t = -56 - -58. Let y = s - t. Let d(g) = -2*g + 6. Calculate d(y).
-2
Suppose 0 = -m + 4*m - 3. Let o(a) = -m - 4 - 3 + a**3 + a + 4. Let j be (0/(-2))/(-2 + 0). What is o(j)?
-4
Let h(t) = t**3 - t**2 + t - 2. Let n = 25 - 25. Give h(n).
-2
Let c(k) be the second derivative of 3*k + 7/6*k**3 + 0 - 5/2*k**2 - 1/12*k**4. What is c(4)?
7
Let j(d) = -d**2 + d - 13. Let n(t) = -t**2 - 14. Let u(k) = 7*j(k) - 6*n(k). Determine u(5).
3
Let c(n) = -2*n - 2. Let i(m) = -m**2 - 11*m + 5. Let a be i(-11). Calculate c(a).
-12
Let d(p) = p**2 - 7*p + 8. Suppose -4*c + 3*o = 4*o - 24, -7 = -3*c + 2*o. Suppose -c*q + 15 = -15. What is d(q)?
2
Let l(m) = -2*m - 10. Let p be l(-9). Suppose p - 4 = -4*f. Let j = -1 - f. Let o(z) = -z - 3. Calculate o(j).
-3
Let o(m) be the first derivative of -m**6/60 - m**5/60 + m**4/12 - 3*m**2/2 - 2. Let g(l) be the second derivative of o(l). Let r = 4 + -6. Give g(r).
8
Let d(q) be the first derivative of -q**4/24 - 2*q**3/3 - 3*q**2/2 - 3. Let m(r) be the second derivative of d(r). Calculate m(-5).
1
Let l(i) = i. Let y be (2 - (-2 + 3))/((-2)/(-4)). Calculate l(y).
2
Let l = 12 + -20. Let u = l - -4. Let x(a) = -2*a - 5. Determine x(u).
3
Let m(w) = w**2 - 5*w. Let h(i) = -2*i**2 + 10*i - 1. Let a(x) = 3*h(x) + 7*m(x). Give a(6).
3
Let h(v) = 6*v - 6*v + 3*v - 4*v + 4*v**3. What is h(1)?
3
Suppose -2*k = 3*k + 15. Let i(u) = -2*u - 3. Let d be i(k). Suppose -d*p - 2 - 12 = 4*f, 5*f + 27 = p. Let c(z) = -z**2 - 5*z - 6. What is c(f)?
-6
Let b(l) = 2*l + l**3 + 0*l + 4*l**2 + 1 - 3. Let p = 1 - 3. Determine b(p).
2
Let h(y) = y**2 + 5*y - 3. Let z be -4 + -3 + 4 - 3. Determine h(z).
3
Let t(i) be the first derivative of -i**2 + i + 3/4*i**4 - 4 + 0*i**3. Calculate t(1).
2
Let d(y) = 3*y - 3 + y**2 + 4 + 2. Let r = 2 - 4. Let o be d(